
Suppose 4*n = 3 + 1. Let x(s) = 6*s + 24. Suppose -f - 3*a - 28 = 0, -4*f + 6*a - 27 = a. Let j(u) = -4*u - 11. Let q(h) = f*j(h) - 6*x(h). Give q(n).
15
Let z be 2/(-4)*(1 - 1). Let y be 1/(-4) - (z + (-627)/12). Let w(u) = -y - 2*u + 27 + 33 - u**2 - 2*u. Determine w(-6).
-4
Let j be (32/(-14) + 2)/(6/(-21)). Let f(m) be the second derivative of 4/3*m**3 - 1/2*m**2 + 0 + 2*m. Calculate f(j).
7
Let k(s) = -s**2 + 5*s + 7. Let f = 54 - 51. Let j be (1026/(-399))/(f/(-7)). Give k(j).
1
Let f(c) = c**3 + 4*c**2 + 5*c + 2. Suppose 6*v + 105 = 507. Suppose -v = -5*p + 8. Suppose -p = -0*z + 5*z. Determine f(z).
-4
Let z be (3 - 4)/((-8)/(-16)) + 4. Let i(p) = 8*p**3 + p**2 + 2. Give i(z).
70
Let b(h) = 6*h - 399. Let r be b(65). Let d(g) = -g**3 - 9*g**2 + 4*g + 10. Let x(j) = 2*j**3 + 18*j**2 - 9*j - 20. Let m(n) = 5*d(n) + 2*x(n). What is m(r)?
-8
Suppose -b + 45 = 5*r, 3*r - r - 25 = b. Let g(q) = 8*q + 1 - r + q + 3. Calculate g(5).
39
Let d(p) = -3*p - 134 + 55 + 51 + 53 - p. What is d(-6)?
49
Let t(l) = -17 + 22*l**2 + 36*l + 15 - 37 + l**3 + 18*l - 14*l. Give t(-20).
-39
Suppose 38*b = 24*b + 28. Let q(k) = 9*k + 4*k + 6*k + 6 - 20*k. What is q(b)?
4
Let l be 15/(-105) + (-86)/(-14). Let w(g) = 8*g**3 + 5*g + 6*g - 16*g + 1 + l*g - g**2. What is w(-1)?
-9
Let o = -36752 - -36747. Let z(t) = -6*t**3. Let p(s) = 5*s**3 - s**2 - s - 1. Let h(y) = 7*p(y) + 6*z(y). Determine h(o).
-22
Let o(u) = -11*u - 22. Let b(l) = 16*l + 28. Let s(k) = 5*b(k) + 8*o(k). Determine s(-5).
4
Let f(o) = 232*o**2 - o**3 - 700*o**2 + 242*o**2 + 260*o**2 + o - 26 - 22. What is f(34)?
-14
Let z(y) = -5*y - 6. Let b = 4 - -1. Suppose 11 = 2*g + 3*i, -6*g + g + 25 = b*i. Let k(s) = -1. Let l(u) = g*k(u) - z(u). What is l(3)?
17
Let n(m) = 10*m**2 + 10*m - 21. Let l(y) = 8*y**2 + 13*y - 19. Let z(c) = -4*l(c) + 3*n(c). What is z(-12)?
-11
Let d(r) = r + 9. Let a = 181 - 686. Let l = 494 + a. Determine d(l).
-2
Let c(i) be the third derivative of 7*i**4/12 + 9*i**2 - 18*i. Determine c(-1).
-14
Let s(l) = 2*l + 45. Suppose -4*j + 2*z = 96, -3*j - 32*z = -36*z + 72. What is s(j)?
-3
Let k = -17 + 21. Suppose 2*r + k = 12. Let i(w) = 29 - 34 - w**3 + w**2 + 2*w**2 - 2*w + 2*w**2. What is i(r)?
3
Let r be 3/(-1)*(-42)/(-9). Let t(k) be the second derivative of k**5/20 + 7*k**4/6 - k**3/6 - 6*k**2 + 36527*k. Determine t(r).
2
Suppose r = -4*r + 40. Let c be (-2)/(r/6)*(-1106)/237. Let q(p) be the third derivative of p**6/120 - 7*p**5/60 - p**4/12 + 5*p**3/6 - 2*p**2. Determine q(c).
-9
Let s(h) = -h**3 - 7*h**2 - 14*h - 8. Let u be s(-5). Suppose 0 = -37*o + 34*o - u, 3*r + 19 = -o. Let z(k) = -k**3 - 3*k**2 + 4*k - 5. What is z(r)?
25
Let x(k) = k**2 + 7*k - 69. Let c be x(6). Suppose -4*y - 29 + c = 0. Let l(r) = 3*r + 3. Determine l(y).
-12
Let n be (7/14)/(2/(-24)). Let r(a) be the third derivative of -4*a**2 + 0 + 2/3*a**3 + 0*a + 7/24*a**4 - 1/120*a**6 - 1/12*a**5. Give r(n).
-2
Suppose 0 = 2*n + 4*d - 12, 3*n = 7*n - 5*d + 15. Let s(o) = o**2 - 5*o**2 + n*o**2 - 3*o. Let p(g) = 20*g - 42. Let m be p(2). Calculate s(m).
-10
Suppose -2*o + 7*o + 30 = 0. Suppose 785*p - 16 = 777*p. Let w(d) = -5 - 709*d**2 + 3*d + 3 + 703*d**p - d**3. What is w(o)?
-20
Let l be 1/(-2*(-2)/16). Suppose -4*a + 12 = l. Let h(y) = 0*y**2 + y - 6*y**a - 1 + 3*y**2 + y**2 + y**3. Calculate h(3).
11
Let v be (105/(-15))/(2/(-2)). Let i(w) = -47*w**3 + w**2 + 3*w + 2. Let h be i(-1). Suppose -h = v*q - 19. Let p(d) = d + 1. Give p(q).
-3
Let o(q) = q**2 + 1. Let t be o(0). Let j(a) be the second derivative of -3*a**4/4 - a**3/6 + a**2/2 - 95*a - 5. What is j(t)?
-9
Let w be 242/847 + (18/21)/(-3). Let l(g) = g**2 - 6*g + 1. Calculate l(w).
1
Let l(n) = 14*n**2 + 195*n - 20. Let u be l(-14). Let m(y) = -7*y - 11. Calculate m(u).
31
Let q(d) = 3*d**2 + 27*d + 15. Let c(i) = -2*i**2 - 19*i - 10. Let z(r) = -7*c(r) - 5*q(r). Determine z(0).
-5
Let s(n) = -6*n**2 - 3. Let w(l) = -11*l**2 + l - 7. Let a(m) = 7*s(m) - 4*w(m). Let b be a(2). Let u(y) = -3 + 0 + 8*y - 7 - 2*y**2 + b. Determine u(5).
-13
Let x(m) be the third derivative of m**6/120 - 23*m**5/60 + 25*m**4/24 - 13*m**3/6 + 1228*m**2. Give x(22).
53
Let q(y) be the second derivative of -9 - 1/2*y**4 - y - 1/3*y**3 + 1/2*y**2. Calculate q(1).
-7
Let a(h) = 483 + 777*h + 777*h - 1713*h. What is a(3)?
6
Let t(j) = -3341*j**2 + 10020*j**2 - 1 + 2*j + 6 - 3339*j**2 - 7*j - 3341*j**2. Suppose 0 = 5*m + w + 54, 2*m + 2*w - 6 = -34. What is t(m)?
-45
Let z(n) = 23*n**2 - 9*n + 6. Suppose -5*k + 7*k = -34. Let t(h) = 8*h**2 - 3*h + 2. Let b(x) = k*t(x) + 6*z(x). Let o = -11 - -13. Calculate b(o).
4
Let z(g) = 17*g**2 + 3*g - 3. Let u be z(1). Let k = -18 + u. Let a(x) be the third derivative of 5*x**4/12 - x**3/6 - 6*x**2. Calculate a(k).
-11
Let l(s) = 168*s - 76*s - 72*s - 22*s - 4 + 3. Let u = 9 + -15. Calculate l(u).
11
Let k = 10468 - 10471. Let r(p) = 0 + 3*p + 5 + 5. Calculate r(k).
1
Let y(i) = i**3 + 6*i**2 - 8*i - 5. Let a be y(-7). Suppose -4*c + 55 = 7*c. Let j(o) = -9 + o + c + 3 + 8*o. Calculate j(a).
17
Suppose 0 = -23*s + 2 - 64 - 7. Let j(h) = 7*h + 21. Give j(s).
0
Let q be (-659 - -660)/(2/2). Let h(b) = -47*b**2 + 2*b. Determine h(q).
-45
Let m be (11/22)/(69/(-432) - 8/(-36)). Let b(y) = -2*y**2 + 18*y + 11. Calculate b(m).
27
Let y(d) = 2*d - 19. Let r(v) = -v + 10. Let q(o) = 11*r(o) + 6*y(o). Let f(b) = -2*b**2 - 9*b + 3. Let k be f(-8). Let g = k + 63. What is q(g)?
6
Suppose -2*p + 4*f - 240 = 0, 4*p - 3*f = -f - 498. Let n be 5/(-2) + (p/4)/(-3). Let m(x) = -x**2 + 8*x. Calculate m(n).
0
Suppose -798 = 31*n - 37*n. Let k(u) = -n + 69 + 77 + 9*u - u**2. Calculate k(11).
-9
Let k(h) = -7*h**2 + h**2 - 7779 + 3*h + 7*h**2 + 7744. Determine k(5).
5
Let v(o) = 12*o + 3. Let s(b) = 12*b + 4. Let l(f) = 3*s(f) - 4*v(f). Suppose 0 = 7*q + 15 - 43. Suppose -3*r - q*x + 13 = 0, 2*x - 3 = r - 6*r. Calculate l(r).
12
Suppose -1491 = -211*m + 1252. Let i(t) = t**3 - 14*t**2 + 9*t - 20. What is i(m)?
-72
Let h(d) be the third derivative of -d**4/6 - d**3/6 + 118*d**2. Suppose 5*x - 5*m = -10, 5*x - 3*m + 2 + 6 = 0. Calculate h(x).
3
Let j be (-9)/6 - (-405)/(-216)*(-4)/3. Let a(w) = 34*w - 3. What is a(j)?
31
Let f(a) = a**3 - 2*a**2 + 1. Let d = 287 + -282. Suppose 3*u = 8*u + d*m - 25, 0 = 2*u + 5*m - 19. Determine f(u).
1
Suppose -4*m + 7*y = -14, 226*y + 10 = 2*m + 221*y. Let j(o) = o - 30. Determine j(m).
-30
Let c(r) = r**2 - 11*r + 7. Suppose -35 = 21*y + 28. Let p be (7 + -4)*(-10)/y. Give c(p).
-3
Let x(w) = -w**3 - 3*w**2 - 3*w - 22. Let y be x(-4). Let z(f) be the first derivative of 3*f - 4 - 4*f**2 + 1/3*f**3. What is z(y)?
-9
Let p(s) = 7*s + 2*s**2 + 5 + s - 3*s**2. Let g = -9502 - -9511. Determine p(g).
-4
Let u be (-2)/10 + 5808/165. Suppose u*q = 10*q + 25. Let r(d) = 4*d + 1. Give r(q).
5
Let u be (-13)/(-5) + 2/5. Let v(t) = -t**3 - 100*t**2 + 203*t - 99. Let n be v(-102). Let i(f) = 2 - f**2 + f**n + u - 6*f - 3*f**2 + 0. Determine i(4).
-19
Suppose 6*a - 584 = -146. Let k = a + -67. Let c(p) = p**2 - 7*p - 4. Calculate c(k).
-10
Let p(l) = 127*l + 510. Let a be p(-4). Let f(j) = -3*j - 3. Let y be f(-2). Let o(x) = 4 - y*x + a - 3 + x. Give o(5).
-7
Let y(u) = -u**2 - 2. Let x(l) = -l**2 + 20*l + 5. Let j be x(20). Suppose 12 = b - 5*d, 0 = -b + 4*d + 5 + j. Suppose -b*q - 3 = 1. What is y(q)?
-6
Let t(i) = 4*i + 3. Let w(d) = 4*d**2 + 2*d**2 - 2*d**2 + 77 - 78. Let g(n) = -n + 1. Let o be g(0). Let p be w(o). Determine t(p).
15
Let q(f) = 8*f - 3. Let w = 1336 + -383. Suppose 961*g = w*g - 16. Determine q(g).
-19
Let h(t) = -129*t + 3 + 61*t - t**2 + 60*t. Let x be h(-8). Let d(z) = -z**3 + 3*z**2 - 4*z - 1. What is d(x)?
-13
Let u(p) = -3*p**2 - 24*p + 30. Let y be u(-9). Let q(c) = -96117 + 2*c**3 + 96117 + y*c**2 + 3*c. Give q(-3).
-36
Let m(k) = -2*k + 4. Let g(o) = 24 + 131087*o - 131090*o - 33. Suppose 3*f = 1 - 13. Let p be g(f). Calculate m(p).
-2
Let j be 1 + ((-333)/15)/1 + 54/45. Let a(b) = -b**3 - 21*b**2 - 18*b + 40. Determine a(j).
0
Let o(u) be the first derivative of -u**4/4 - 4*u**3/3 + 7*u**2/2 + 13*u - 397. Calculate o(-5).
3
Let b(h) = -3*h**3 + 132*h**2 + 67*h + 19. Let c(k) = -7*k**3 + 315*k**2 + 136*k + 38. Let t(i) = 5*b(i) - 2*c(i). Calculate t(32).
-13
Let c(f) be the second derivativ